3)). Suppose 0 = -2*y - o - v, 2*o = 3*y - o + 24. Is l(y) a composite number?
True
Is ((-298)/8)/(1 + 35/(-28)) a prime number?
True
Suppose 4 = -p + 1. Let k(l) = -4*l**3 - 2*l**2 + l - 2. Is k(p) composite?
True
Suppose 6*h - 3*h = 4878. Suppose -2*m - 1656 = -4*k + 2*m, -2*m = 4*k - h. Is k a prime number?
True
Suppose 4*l = 39 + 121. Suppose -t - 4*t + l = 4*k, -5*k - 2*t + 67 = 0. Is k composite?
True
Let m = 992 - 669. Is m prime?
False
Let x(n) = 17*n + 4*n - 2*n. Let b be x(1). Suppose -3*s + b = 1. Is s prime?
False
Let f = 747 + 538. Is f a composite number?
True
Suppose -10 = a - o - 0*o, 3*a = 5*o - 38. Is 31/(-3*1/a) a composite number?
True
Let o = -3160 - -7217. Is o composite?
False
Let t = -72 - -44. Is (-7)/(t/152) - 1 prime?
True
Is 20/5 + -8 - -945 composite?
False
Let j(n) = -464*n + 17. Is j(-12) composite?
True
Suppose 3*j + b = 11, -5*b - 30 = -2*j - 0*j. Suppose 2*i + 2*i = 2*n - 30, -j*i - 66 = -4*n. Is n a prime number?
True
Let m(j) = 15*j + 9. Is m(10) prime?
False
Suppose 0 = -q - 5*y + 106, -5*q - 5*y = 178 - 768. Is q prime?
False
Suppose 69 + 57 = q - u, 0 = -2*u + 10. Is q a prime number?
True
Suppose -4*r - 9 = -5*b, -4*r + 4 + 37 = 5*b. Suppose 4*c + 4 = 0, -61 = y - 2*y - r*c. Is y composite?
True
Let t be (-3 + -4)/(0 + 1). Let a = -3 - t. Is 56 + (-3 - -2) + a composite?
False
Suppose 2*o - 437 = 3*k, -2*o - 3*k + 618 = o. Is o a composite number?
False
Let n = -5 - -8. Suppose 2*x = 6*z - 3*z + 175, 5*x - 406 = -n*z. Is x composite?
False
Let a(h) = h**3 - 3*h**2 + 2*h - 1. Is a(6) a composite number?
True
Suppose 4*g + 1 = 9. Is (51 + g)/(-3 + 4) a composite number?
False
Let l = 3 - 1. Suppose l*h = 3*h - 2, -5*u + 123 = 4*h. Is u a prime number?
True
Suppose -2*f + 1148 = 2*f. Is f prime?
False
Let m(s) = s**3 + 9*s**2 - 3*s + 10. Suppose -5*k + 3*k + 28 = -2*u, -3*u + 4*k = 46. Let y(r) = r**2 + 11*r + 1. Let c be y(u). Is m(c) a composite number?
False
Let s(c) = 2*c**2 - 3*c - 2. Let r(b) = b**2 + 6*b - 5. Let f be r(-7). Suppose -f*u = 5*v - 23, 3 + 2 = -5*v + 5*u. Is s(v) a prime number?
True
Let s(r) = r**2 + 5*r - 8. Let f be s(-6). Let k be (2 - 0) + (-32)/f. Suppose -2*q + k = q. Is q a composite number?
True
Let i = 6374 + 671. Is i prime?
False
Suppose -37 = -4*s - 0*p + p, 31 = 4*s + 5*p. Let k = -40 + 44. Suppose s*z - 30 = k*z. Is z a prime number?
False
Is (-7817)/(-7) - 4*5/(-70) prime?
True
Let z be (-1 + 1)*(2 + -3). Let l be 4/(-3)*(-33 + z). Suppose -3*w = -w - l. Is w composite?
True
Let y(t) = 54*t**2 + t + 5. Let u be y(-3). Suppose 0*d + u = 4*d. Is d a prime number?
False
Let a(v) = 2*v**2 + 27*v - 16. Let j(t) = t**2 + 14*t - 8. Let k(z) = -6*a(z) + 11*j(z). Let m be k(-7). Is 3/m - (-908)/10 composite?
True
Let u = 16 + -24. Let p(n) = -n**2 - 9*n - 4. Let w be p(u). Let k(a) = 12*a**2 + 3*a - 1. Is k(w) a composite number?
True
Is (-428)/(-12) - 2/3 composite?
True
Suppose 7*p - 13*p + 9474 = 0. Is p a composite number?
False
Let y(l) = -l + 159. Let o be y(0). Suppose 0*j - 5*j = 0. Suppose s + 2*s - o = j. Is s composite?
False
Suppose -286 = -2*u - 5*t, -u - 33 = 4*t - 182. Is u a prime number?
False
Suppose -4*p + 3*k = -318, -3*p - 3*k = p - 330. Suppose -i + 58 = -p. Is i a prime number?
True
Let h be 2 + -2 + 0 + -2. Let g(n) = -7*n**3 - 8*n**2 - 7*n + 5. Let o(p) = 7*p**3 + 7*p**2 + 6*p - 4. Let c(s) = -5*g(s) - 6*o(s). Is c(h) prime?
False
Let f(u) = 29*u**2 - 10. Is f(3) prime?
True
Let z(t) = -8*t**2 - 13. Let j(p) = 9*p**2 - p + 14. Let k(n) = -6*j(n) - 7*z(n). Is k(6) a prime number?
False
Let t = 2344 - 1262. Is t a prime number?
False
Let b(i) = i**3 + 15*i**2 + 7*i - 12. Is b(-14) a prime number?
False
Let l(i) = 10*i**2 - 11*i + 6. Is l(7) composite?
False
Let z = -2 - -8. Suppose -2*o = -n - 2*n + 24, 3*n + z = -3*o. Let a = 9 + o. Is a a prime number?
True
Let u(v) = -v**3 + 5*v**2 - 2*v - 3. Let k be u(3). Let w = k - -1. Is w composite?
True
Let g(h) = -3*h**2 + 2*h + 10. Let n(o) = o**2 + o + 1. Let a(z) = g(z) + 2*n(z). Let x be a(9). Let j = 139 + x. Is j a prime number?
False
Let g(m) = -8*m**2 - 3*m + 2. Let l be g(5). Let c = -136 - l. Is c a prime number?
False
Let n = -57 - -63. Suppose 2*y - 4*y = 0. Suppose y = d - 4 - n. Is d a composite number?
True
Let f = -4 - -7. Suppose f*i + 0*i = 4*q - 1769, 0 = 2*q - 2*i - 882. Let g = q - 313. Is g composite?
True
Is (-141)/(-1) - (-4)/1 a composite number?
True
Let n(r) = r**3 + 6*r**2 - 8*r - 4. Let x be n(-7). Suppose 0 = 5*h - 3*g - 43, 3*h + g = 34 + x. Is h a prime number?
True
Suppose -3*b + 29 = -4*o, -3*o + 2*b - 31 = 2*o. Let j = o - -4. Is -1*4*(j + 0) composite?
True
Let j be ((-2)/(-6))/(1/12). Suppose -d - j*d = 0. Is (-3)/6*d + 6 a prime number?
False
Let q be (0/(-2))/(1/1). Let d(t) = -t**3 + t**2 + t + 185. Is d(q) a composite number?
True
Let r(v) = -v**3 + 12*v**2 + 6*v - 8. Suppose 22 = 4*y - 2*y. Is r(y) a composite number?
False
Let g(x) be the third derivative of 0*x + 0 + 3*x**2 - 4*x**4 - 1/6*x**3. Is g(-1) prime?
False
Let i = 0 + 3. Suppose -g - 3 = -2*n, -i*g = -3*n - 0*n. Suppose 0 = g*v - w - 53, 0*v = v - 5*w + 1. Is v composite?
False
Let u = -23 + 49. Let c = 9 + u. Is c a prime number?
False
Let j = -127 + 248. Is j composite?
True
Let z = 41 + -6. Is z composite?
True
Is (1 + -2 - 1040)*6/(-9) composite?
True
Suppose -2*o + 20 = -6*o. Let h(s) be the third derivative of -s**5/60 - 5*s**4/12 - s**3 + 3*s**2. Is h(o) a composite number?
False
Let q = 3 + -3. Suppose q = s + s - 6. Suppose f + 0*f - 121 = -5*n, -s*n + 2*f = -83. Is n prime?
False
Suppose -3*v + 1263 = -2*q, -3*v + 823 = -v + 5*q. Is v composite?
False
Let x(s) = 21*s**2 - 2*s - 1. Let m be x(3). Suppose 0*h - m = -2*h. Is h a prime number?
False
Suppose 2*y - 8 = -0. Suppose 4*o + y*f = -32, 0 = 5*o + f + f + 28. Is 14*o/((-24)/57) prime?
False
Let g be (-20)/25 - 1/5. Is (g - 2) + (-1274)/(-7) prime?
True
Let y = -6 + 10. Suppose -4*q + 92 = y*l, -l = -5*q - 0*q + 133. Suppose 0 = 2*b - 2*f - 12 - q, 4*f = 3*b - 54. Is b a prime number?
False
Let m = -59 - -246. Is m composite?
True
Let g = 19 + 0. Is g a composite number?
False
Is 2619 + (20/(-6))/5*6 a composite number?
True
Let s(b) = -3*b - 2 - 38*b - 2. Is s(-3) composite?
True
Let a(r) = -13*r**2 + 2*r - 2. Let j be a(1). Let k(c) = -15*c - 4. Is k(j) a prime number?
True
Suppose t = 3*d - 1, -3*t = d - 0*d - 17. Suppose -d*z = -z - 18. Let w = z - -1. Is w a prime number?
True
Let k = -44 - -733. Is k composite?
True
Let h(g) = -16*g + 15. Is h(-11) a prime number?
True
Let i(z) = 2*z**3 + 2*z**2 - z + 1. Let d be i(-2). Let v(w) be the third derivative of -w**4/8 + 2*w**3/3 - w**2. Is v(d) a prime number?
True
Suppose 2*v - 3*v + 39 = 0. Suppose 2*s + t + 27 = 0, -3*t = 4*s - s + v. Let m = -7 - s. Is m a prime number?
True
Let b = 6 - 19. Let q(p) = -p**3 - 12*p**2 - p + 5. Is q(b) a prime number?
False
Let r be (-4)/(2*(-2)/4). Suppose -4*m - 3*u - 23 = -9, 3*m + 14 = -r*u. Is ((-3)/m)/((-1)/(-34)) prime?
False
Suppose 0 = 3*g + 2*g - 5. Let o(x) = 12*x + 1. Let c be o(g). Suppose -23 = -4*z + c. Is z a composite number?
True
Suppose -12 = -2*z + 3*b, 12 = 3*z + 2*z - 3*b. Let c = -9 + 5. Is -7*(c - -1) + z prime?
False
Suppose 3*p + 14 + 4 = 0. Is p/4*332/(-6) a prime number?
True
Let m be 80/12*48/20. Suppose 0 = w + 3*w - m, 2*w = 2*c - 34. Is c a composite number?
True
Let d = -31 - -218. Is d a composite number?
True
Suppose -7*f + 765 = 2*f. Is f a composite number?
True
Suppose 0 = -5*o + 5*n + 5, 0*o + 2*n - 18 = -2*o. Let l = o - 2. Suppose -l*g = g + 20, 0 = -j + 5*g + 44. Is j a prime number?
True
Suppose 0 = 2*o + 3*t + 2*t + 18, -5*t + 6 = -4*o. Is (-38)/o*(-12)/(-2) prime?
False
Let m(y) = 3*y**2 + 4*y - 13. Is m(5) prime?
False
Suppose 7*w - 12 = 3*w. Suppose -19 = w*r - 61. Is r a prime number?
False
Suppose 2*y + 12 = y. Let h be (-3)/y - (-46)/8. Suppose -4*s = 4*n - 84, s + 105 = h*s - 4*n. Is s prime?
False
Let l = 14 + 291. Is l composite?
True
Let m(c) = -2*c + 0 + 0. Let n be m(2). Is (2 + 122/(-8))*n a prime number?
True
Let d = -45 - -707. Is d a composite number?
True
Suppose 40 = 2*t - 3*t + 4*l, 2*t - 5*l + 74 = 0. Let z = -18 - t. Is z a composite number?
True
Suppose -2*h = 9 + 3. Let x(u) = 2*u**2 - 2*u 